{"id":18,"date":"2017-04-27T18:04:39","date_gmt":"2017-04-27T16:04:39","guid":{"rendered":"http:\/\/www.liedermann.at\/wordpress\/?page_id=18"},"modified":"2022-10-17T20:58:08","modified_gmt":"2022-10-17T18:58:08","slug":"startseite","status":"publish","type":"page","link":"http:\/\/www.liedermann.at\/wordpress\/","title":{"rendered":"Maria Liedermann"},"content":{"rendered":"<div id=\"inhalt\">\n<div id=\"c232\" class=\"csc-default\">\n<div id=\"right\"><img loading=\"lazy\" decoding=\"async\" class=\" wp-image-211 alignleft\" src=\"http:\/\/www.liedermann.at\/wordpress\/wp-content\/uploads\/2022\/10\/Goldfinger-1-98x300.jpg\" alt=\"\" width=\"168\" height=\"514\" \/><\/div>\n<p class=\"bodytext\">Ich habe mich viele Jahre mit ganzheitlicher Heilkunde auseinander gesetzt. Durch Selbsterfahrung und als Mutter von 3 Kindern konnte ich das Wissen, das ich als Studentin von Prof. M. Dorcsi und durch den Besuch von Seminaren (Prof. Matthias Dorcsi, Dr. Rajan Sankaran, Dr. Jayesh Shak, Dr. Dario Spinedi, Dr. Guy Kokeleuberg, Dr. Alf Geukens, Dr. Wolfgang Springer, Dr. Dietmar Payrhuber, Dr. Jan Scholter, Dr. Gerhard Resch, Dr. Andr\u00e9 Jacine, Dr. Florian Ploberger, Dr. Gunter Neeb) einsetzen.<\/p>\n<p class=\"bodytext\">Gesundheit ist das v\u00f6llige k\u00f6rperliche und energetische Gleichgewicht. Krankheit ist die Folge einer \u00e4u\u00dferen oder inneren St\u00f6rung dieses Gleichgewichts.<\/p>\n<p class=\"bodytext\">&#8222;Im Rahmen Ihrer Beratung habe ich schon vielen Menschen Mut gemacht, ihre Selbstheilungskr\u00e4fte zu aktivieren.&#8220;<\/p>\n<p class=\"bodytext\">&#8222;Ich unterst\u00fctze Sie mit Farben, D\u00fcften, Licht, Edelsteinen oder Musik. In einem Gespr\u00e4ch wird Ihr Problem ganzheitlich erfasst, und durch esogetische und radiesthetische Methoden, versuche ich Sie in Ihren Gleichgewichtszustand zur\u00fcckzubringen.&#8220;<\/p>\n<\/div>\n<\/div>\n","protected":false},"excerpt":{"rendered":"<p>Ich habe mich viele Jahre mit ganzheitlicher Heilkunde auseinander gesetzt. Durch Selbsterfahrung und als Mutter von 3 Kindern konnte ich das Wissen, das ich als Studentin von Prof. M. Dorcsi und durch den Besuch von Seminaren (Prof. Matthias Dorcsi, Dr. Rajan Sankaran, Dr. Jayesh Shak, Dr. Dario Spinedi, Dr. Guy Kokeleuberg, Dr. Alf Geukens, Dr. &hellip; <\/p>\n<p class=\"link-more\"><a href=\"http:\/\/www.liedermann.at\/wordpress\/\" class=\"more-link\"><span class=\"screen-reader-text\">\u201eMaria Liedermann\u201c <\/span>weiterlesen<\/a><\/p>\n","protected":false},"author":1,"featured_media":0,"parent":0,"menu_order":0,"comment_status":"closed","ping_status":"closed","template":"","meta":{"footnotes":""},"class_list":["post-18","page","type-page","status-publish","hentry"],"_links":{"self":[{"href":"http:\/\/www.liedermann.at\/wordpress\/wp-json\/wp\/v2\/pages\/18","targetHints":{"allow":["GET"]}}],"collection":[{"href":"http:\/\/www.liedermann.at\/wordpress\/wp-json\/wp\/v2\/pages"}],"about":[{"href":"http:\/\/www.liedermann.at\/wordpress\/wp-json\/wp\/v2\/types\/page"}],"author":[{"embeddable":true,"href":"http:\/\/www.liedermann.at\/wordpress\/wp-json\/wp\/v2\/users\/1"}],"replies":[{"embeddable":true,"href":"http:\/\/www.liedermann.at\/wordpress\/wp-json\/wp\/v2\/comments?post=18"}],"version-history":[{"count":8,"href":"http:\/\/www.liedermann.at\/wordpress\/wp-json\/wp\/v2\/pages\/18\/revisions"}],"predecessor-version":[{"id":222,"href":"http:\/\/www.liedermann.at\/wordpress\/wp-json\/wp\/v2\/pages\/18\/revisions\/222"}],"wp:attachment":[{"href":"http:\/\/www.liedermann.at\/wordpress\/wp-json\/wp\/v2\/media?parent=18"}],"curies":[{"name":"wp","href":"https:\/\/api.w.org\/{rel}","templated":true}]}}